{"id":2,"date":"2009-07-22T11:45:05","date_gmt":"2009-07-22T09:45:05","guid":{"rendered":"http:\/\/www.agra-rundfunk.de\/wordpress\/?page_id=2"},"modified":"2010-08-19T09:35:32","modified_gmt":"2010-08-19T08:35:32","slug":"about","status":"publish","type":"page","link":"http:\/\/www.agra-rundfunk.de\/wordpress\/?page_id=2","title":{"rendered":"Organisation"},"content":{"rendered":"<p>Die Arbeitsgemeinschaft der Redakteursaussch\u00fcsse (AGRA) ist eine Plattform, auf der sich die Redakteursvertreter von ARD, Deutschlandradio, DW und ZDF austauschen. Sie ist ein Zusammenschluss der journalistischen und k\u00fcnstlerischen Programmmitarbeiter der \u00f6ffentlich-rechtlichen Rundfunkanstalten Deutschlands. Die Redakteursmitwirkung im \u00f6ffentlich-rechtlichen Rundfunk hat Verfassungsrang und ist in mehreren Bundesl\u00e4ndern gesetzlich festgeschrieben.<\/p>\n","protected":false},"excerpt":{"rendered":"<p>Die Arbeitsgemeinschaft der Redakteursaussch\u00fcsse (AGRA) ist eine Plattform, auf der sich die Redakteursvertreter von ARD, Deutschlandradio, DW und ZDF austauschen. Sie ist ein Zusammenschluss der journalistischen und k\u00fcnstlerischen Programmmitarbeiter der \u00f6ffentlich-rechtlichen Rundfunkanstalten Deutschlands. Die Redakteursmitwirkung im \u00f6ffentlich-rechtlichen Rundfunk hat Verfassungsrang und ist in mehreren Bundesl\u00e4ndern gesetzlich festgeschrieben.<\/p>\n","protected":false},"author":3,"featured_media":0,"parent":0,"menu_order":0,"comment_status":"closed","ping_status":"closed","template":"","meta":{"jetpack_post_was_ever_published":false,"footnotes":""},"class_list":["post-2","page","type-page","status-publish","hentry","entry"],"jetpack_sharing_enabled":true,"jetpack_shortlink":"https:\/\/wp.me\/P5x4SE-2","_links":{"self":[{"href":"http:\/\/www.agra-rundfunk.de\/wordpress\/index.php?rest_route=\/wp\/v2\/pages\/2","targetHints":{"allow":["GET"]}}],"collection":[{"href":"http:\/\/www.agra-rundfunk.de\/wordpress\/index.php?rest_route=\/wp\/v2\/pages"}],"about":[{"href":"http:\/\/www.agra-rundfunk.de\/wordpress\/index.php?rest_route=\/wp\/v2\/types\/page"}],"author":[{"embeddable":true,"href":"http:\/\/www.agra-rundfunk.de\/wordpress\/index.php?rest_route=\/wp\/v2\/users\/3"}],"replies":[{"embeddable":true,"href":"http:\/\/www.agra-rundfunk.de\/wordpress\/index.php?rest_route=%2Fwp%2Fv2%2Fcomments&post=2"}],"version-history":[{"count":4,"href":"http:\/\/www.agra-rundfunk.de\/wordpress\/index.php?rest_route=\/wp\/v2\/pages\/2\/revisions"}],"predecessor-version":[{"id":54,"href":"http:\/\/www.agra-rundfunk.de\/wordpress\/index.php?rest_route=\/wp\/v2\/pages\/2\/revisions\/54"}],"wp:attachment":[{"href":"http:\/\/www.agra-rundfunk.de\/wordpress\/index.php?rest_route=%2Fwp%2Fv2%2Fmedia&parent=2"}],"curies":[{"name":"wp","href":"https:\/\/api.w.org\/{rel}","templated":true}]}}

<p>Die Arbeitsgemeinschaft der Redakteursausschüsse (AGRA) ist eine Plattform, auf der sich die Redakteursvertreter von ARD, Deutschlandradio, DW und ZDF austauschen. Sie ist ein Zusammenschluss der journalistischen und künstlerischen Programmmitarbeiter der öffentlich-rechtlichen Rundfunkanstalten Deutschlands. Die Redakteursmitwirkung im öffentlich-rechtlichen Rundfunk hat Verfassungsrang und ist in mehreren Bundesländern gesetzlich festgeschrieben.</p>
